{"id":432,"date":"2017-08-06T13:17:52","date_gmt":"2017-08-06T16:17:52","guid":{"rendered":"http:\/\/www.assemit.com.br\/novo2017\/?page_id=432"},"modified":"2023-10-27T09:44:36","modified_gmt":"2023-10-27T12:44:36","slug":"associados","status":"publish","type":"page","link":"https:\/\/assemit.com.br\/novo\/?page_id=432","title":{"rendered":"Associados"},"content":{"rendered":"<table width=\"744\">\n<tbody>\n<tr>\n<td width=\"350\"><strong>NOME<\/strong><\/td>\n<td width=\"180\"><strong>Telefone<\/strong><\/td>\n<td width=\"215\">Contato<\/td>\n<\/tr>\n<tr>\n<td width=\"350\">AGRO MALDANER<\/td>\n<td width=\"180\">36773860<\/td>\n<td width=\"215\">ELTON<\/td>\n<\/tr>\n<tr>\n<td width=\"350\">AGROPECUARIA SUPREMA<\/td>\n<td width=\"180\">36773085<\/td>\n<td width=\"215\">PEDRO<\/td>\n<\/tr>\n<tr>\n<td width=\"350\">AGROPEPERI<\/td>\n<td width=\"180\">3678 8877<\/td>\n<td width=\"215\">ROBERTO<\/td>\n<\/tr>\n<tr>\n<td width=\"350\">AGROSUINOS SERAFINI<\/td>\n<td width=\"180\">36770808<\/td>\n<td width=\"215\">MARIOCIR E MARILENE<\/td>\n<\/tr>\n<tr>\n<td width=\"350\">AIRTON SEHN E ADVOGADOS ASSOCIADOS<\/td>\n<td width=\"180\">36770638<\/td>\n<td width=\"215\">ELENICE\/AIRTON\/CHARLES<\/td>\n<\/tr>\n<tr>\n<td width=\"350\">ALBATER TERRAPLANAGEM<\/td>\n<td width=\"180\">31941109<\/td>\n<td width=\"215\">FABIO E FERNANDO<\/td>\n<\/tr>\n<tr>\n<td width=\"350\">ANAMAR CALCADOS E CONFECCOES<\/td>\n<td width=\"180\">36773590 \/ 36788844<\/td>\n<td width=\"215\">ANA PAULA DIETRICH<\/td>\n<\/tr>\n<tr>\n<td width=\"350\">ANTENASOM<\/td>\n<td width=\"180\">36773361<\/td>\n<td width=\"215\">VOLMIR<\/td>\n<\/tr>\n<tr>\n<td width=\"350\">APC INOVA<\/td>\n<td width=\"180\">31941600<\/td>\n<td width=\"215\">ALESSIO<\/td>\n<\/tr>\n<tr>\n<td width=\"350\">ARTE&amp;FLORES<\/td>\n<td width=\"180\">984344660<\/td>\n<td width=\"215\">ROS\u00c9LIA<\/td>\n<\/tr>\n<tr>\n<td width=\"350\">ASSEMIT<\/td>\n<td width=\"180\">36770123<\/td>\n<td width=\"215\">&nbsp;<\/td>\n<\/tr>\n<tr>\n<td width=\"350\">AUTO MECANICA MARICAR<\/td>\n<td width=\"180\">36770039<\/td>\n<td width=\"215\">MARINO\/IVETE<\/td>\n<\/tr>\n<tr>\n<td width=\"350\">AUTO MECANICA PEDRINHO<\/td>\n<td width=\"180\">36773755<\/td>\n<td width=\"215\">PEDRO<\/td>\n<\/tr>\n<tr>\n<td width=\"350\">AUTOESCOLA COMETA<\/td>\n<td width=\"180\">36770259<\/td>\n<td width=\"215\">LEANDRO\/ANGELA<\/td>\n<\/tr>\n<tr>\n<td width=\"350\">AUTOESCOLA ITAPIRANGA<\/td>\n<td width=\"180\">36770699<\/td>\n<td width=\"215\">EDSON\/ELIANE<\/td>\n<\/tr>\n<tr>\n<td width=\"350\">BANCO DO BRASIL<\/td>\n<td width=\"180\">36787900<\/td>\n<td width=\"215\">GISELE VALANDRO<\/td>\n<\/tr>\n<tr>\n<td width=\"350\">BF ENGENHARIA<\/td>\n<td width=\"180\">31941448<\/td>\n<td width=\"215\">LEILA<\/td>\n<\/tr>\n<tr>\n<td width=\"350\">BERWANGER CONTABILIDADE<\/td>\n<td width=\"180\">36770111<\/td>\n<td width=\"215\">REGIS<\/td>\n<\/tr>\n<tr>\n<td width=\"350\">BOI NOBRE<\/td>\n<td width=\"180\">31941880\/991964157<\/td>\n<td width=\"215\">ANDREIA\/DANIELI<\/td>\n<\/tr>\n<tr>\n<td width=\"350\">CAIXA ECONOMICA FEDERAL<\/td>\n<td width=\"180\">36787600<\/td>\n<td width=\"215\">OSMAR<\/td>\n<\/tr>\n<tr>\n<td width=\"350\">CENTRAL TINTAS<\/td>\n<td width=\"180\">36773066<\/td>\n<td width=\"215\">FRANCIELI<\/td>\n<\/tr>\n<tr>\n<td width=\"350\">CERVEJARIA LASSBERG<\/td>\n<td width=\"180\">31941700<\/td>\n<td width=\"215\">ALINE<\/td>\n<\/tr>\n<tr>\n<td width=\"350\">CERVEJARIA E PETISCARIA STUELP<\/td>\n<td width=\"180\">91354637<\/td>\n<td width=\"215\">RAFAEL<\/td>\n<\/tr>\n<tr>\n<td width=\"350\">CHICO AUTOMOVEIS<\/td>\n<td width=\"180\">36770905<\/td>\n<td width=\"215\">NIVALDO<\/td>\n<\/tr>\n<tr>\n<td width=\"350\">COLCHOES ORTOBOM<\/td>\n<td width=\"180\">36773570<\/td>\n<td width=\"215\">IVETE<\/td>\n<\/tr>\n<tr>\n<td width=\"350\">COLEGIO SAGRADA FAMILIA<\/td>\n<td width=\"180\">36773513<\/td>\n<td width=\"215\">RAQUEL<\/td>\n<\/tr>\n<tr>\n<td width=\"350\">COMERCIAL CORDILHEIRA<\/td>\n<td width=\"180\">36773488<\/td>\n<td width=\"215\">LIRIO\/SELMA<\/td>\n<\/tr>\n<tr>\n<td width=\"350\">COMERCIAL FLACH<\/td>\n<td width=\"180\">31941250<\/td>\n<td width=\"215\">ZELIA\/VALDOMIRO<\/td>\n<\/tr>\n<tr>\n<td width=\"350\">COMERCIAL FRONTEIRA<\/td>\n<td width=\"180\">36788914<\/td>\n<td width=\"215\">ADRIANO<\/td>\n<\/tr>\n<tr>\n<td width=\"350\">COMERCIAL GUISA<\/td>\n<td width=\"180\">36770438<\/td>\n<td width=\"215\">GUIDO<\/td>\n<\/tr>\n<tr>\n<td width=\"350\">CONAK CONSTRUCOES E EMPREENDIMENTOS LTDA<\/td>\n<td width=\"180\">36220561<\/td>\n<td width=\"215\">ASTOR \/ LIANE SECRETARIA<\/td>\n<\/tr>\n<tr>\n<td width=\"350\">CONCEITO CONTABILIDADE<\/td>\n<td width=\"180\">36770226<\/td>\n<td width=\"215\">LUCIANO<\/td>\n<\/tr>\n<tr>\n<td width=\"350\">CONCRELIT ARTEFATOS DE CIMENTO<\/td>\n<td width=\"180\">36770783<\/td>\n<td width=\"215\">MARLUCE\/ALESSANDRO<\/td>\n<\/tr>\n<tr>\n<td width=\"350\">COOAFI<\/td>\n<td width=\"180\">36770637<\/td>\n<td width=\"215\">DANIEL<\/td>\n<\/tr>\n<tr>\n<td width=\"350\">COOPER A1<\/td>\n<td width=\"180\">36787400<\/td>\n<td width=\"215\">ELISIANE<\/td>\n<\/tr>\n<tr>\n<td width=\"350\">CRESOL OESTE CATARINENSE<\/td>\n<td width=\"180\">(49)33534576<\/td>\n<td width=\"215\">GILMAR<\/td>\n<\/tr>\n<tr>\n<td width=\"350\">C.R.O ARTEFATOS E SERVI\u00c7OS<\/td>\n<td width=\"180\">36773246<\/td>\n<td width=\"215\">LEANDRO E DANIELA<\/td>\n<\/tr>\n<tr>\n<td width=\"350\">DALE CARNEGIE TRAINING CHAPE\u00c7O<\/td>\n<td width=\"180\">&nbsp;<\/td>\n<td width=\"215\">&nbsp;<\/td>\n<\/tr>\n<tr>\n<td width=\"350\">DALLE SUPERMERCADOS<\/td>\n<td width=\"180\">36770098<\/td>\n<td width=\"215\">SANDRO\/ KATI<\/td>\n<\/tr>\n<tr>\n<td width=\"350\">DHOMEM<\/td>\n<td width=\"180\">3677 3558<\/td>\n<td width=\"215\">CRYSTIAN\/CLAUDIOMAR<\/td>\n<\/tr>\n<tr>\n<td width=\"350\">DIGITAL SYSTEMS<\/td>\n<td width=\"180\">36770257<\/td>\n<td width=\"215\">RODRIVAN\/CRISTIANI<\/td>\n<\/tr>\n<tr>\n<td width=\"350\">DOCES E SALGADOS BELA VISTA<\/td>\n<td width=\"180\">36773205<\/td>\n<td width=\"215\">MATHEUS VOGT<\/td>\n<\/tr>\n<tr>\n<td width=\"350\">DOCES E SALGADOS BELA VISTA<\/td>\n<td width=\"180\">36788286<\/td>\n<td width=\"215\">MATHEUS VOGT<\/td>\n<\/tr>\n<tr>\n<td width=\"350\">DONNA D<\/td>\n<td width=\"180\">999191376<\/td>\n<td width=\"215\">DEBORA<\/td>\n<\/tr>\n<tr>\n<td width=\"350\">ECOS TECNOLOGIA<\/td>\n<td width=\"180\">36773711<\/td>\n<td width=\"215\">CL\u00c1UDIO SCHNORRENBERGER<\/td>\n<\/tr>\n<tr>\n<td width=\"350\">ELETROSOM ITAPIRANGA<\/td>\n<td width=\"180\">36770388<\/td>\n<td width=\"215\">IEDA\/ROBERTO<\/td>\n<\/tr>\n<tr>\n<td width=\"350\">ELMO A KIST<\/td>\n<td width=\"180\">36770091<\/td>\n<td width=\"215\">MIRTES<\/td>\n<\/tr>\n<tr>\n<td width=\"350\">EMAC CONTABILIDADE<\/td>\n<td width=\"180\">36770908<\/td>\n<td width=\"215\">CARMEN<\/td>\n<\/tr>\n<tr>\n<td width=\"350\">ENCANTO FLORICULTURA<\/td>\n<td width=\"180\">36770230<\/td>\n<td width=\"215\">CLEUSA\/LUCIR<\/td>\n<\/tr>\n<tr>\n<td width=\"350\">ENCANTO NOIVAS FESTAS E DECORACOES<\/td>\n<td width=\"180\">36770605<\/td>\n<td width=\"215\">CLEUSA<\/td>\n<\/tr>\n<tr>\n<td width=\"350\">ESCRITORIO OESTE<\/td>\n<td width=\"180\">36770400<\/td>\n<td width=\"215\">CLEMENTE\/CLAUDIO<\/td>\n<\/tr>\n<tr>\n<td width=\"350\">ESTA\u00c7\u00c3O 86 -OBSERVAT\u00d3RIO URUGUAI<\/td>\n<td width=\"180\">985024828<\/td>\n<td width=\"215\">CRISTIANE \/CORNELIO<\/td>\n<\/tr>\n<tr>\n<td width=\"350\">ESSENCIAS TERAPIAS<\/td>\n<td width=\"180\">999425659<\/td>\n<td width=\"215\">SCHEILA<\/td>\n<\/tr>\n<tr>\n<td width=\"350\">EXTRACREDI<\/td>\n<td width=\"180\">36773276<\/td>\n<td width=\"215\">DEISE<\/td>\n<\/tr>\n<tr>\n<td width=\"350\">BIO VIDA FARMACIA<\/td>\n<td width=\"180\">36773170<\/td>\n<td width=\"215\">CESAR<\/td>\n<\/tr>\n<tr>\n<td width=\"350\">FARMACIA BRASIL POUPA LAR<\/td>\n<td width=\"180\">36787273<\/td>\n<td width=\"215\">MICHELE<\/td>\n<\/tr>\n<tr>\n<td width=\"350\">FARMACIA SAMARITANA<\/td>\n<td width=\"180\">36770097<\/td>\n<td width=\"215\">DEISE<\/td>\n<\/tr>\n<tr>\n<td width=\"350\">FARMACIA SAO JOSE<\/td>\n<td width=\"180\">36770543<\/td>\n<td width=\"215\">ROSANE<\/td>\n<\/tr>\n<tr>\n<td width=\"350\">FARMACIA VIDA ATIVA<\/td>\n<td width=\"180\">36770210<\/td>\n<td width=\"215\">HELMUT\/SUELE<\/td>\n<\/tr>\n<tr>\n<td width=\"350\">FARMAVET<\/td>\n<td width=\"180\">36773247<\/td>\n<td width=\"215\">LAZIE<\/td>\n<\/tr>\n<tr>\n<td width=\"350\">FOTO STUDIO MARINO<\/td>\n<td width=\"180\">36770225<\/td>\n<td width=\"215\">MARINO<\/td>\n<\/tr>\n<tr>\n<td width=\"350\">FRANCAR MOTOS YAMAHA<\/td>\n<td width=\"180\">36770741<\/td>\n<td width=\"215\">CHARLES\/PEDRO PAULO<\/td>\n<\/tr>\n<tr>\n<td width=\"350\">FRENTZ MOVEIS<\/td>\n<td width=\"180\">36770258<\/td>\n<td width=\"215\">FRANCISCO<\/td>\n<\/tr>\n<tr>\n<td width=\"350\">GBEST TREINAMENTOS E CAPACITA\u00c7\u00c3O<\/td>\n<td width=\"180\">991426885<\/td>\n<td width=\"215\">ALEXANDRE<\/td>\n<\/tr>\n<tr>\n<td width=\"350\">GIBA A\u00c7OUGUE E MERCADO<\/td>\n<td width=\"180\">36773032<\/td>\n<td width=\"215\">GIBA<\/td>\n<\/tr>\n<tr>\n<td width=\"350\">GLAM BOUTIQUE<\/td>\n<td width=\"180\">91273586<\/td>\n<td width=\"215\">ANA CLAUDIA<\/td>\n<\/tr>\n<tr>\n<td width=\"350\">GRUTZMANN EMPREENDIMENTO<\/td>\n<td width=\"180\">991095916<\/td>\n<td width=\"215\">ERNESTO ARSENIO<\/td>\n<\/tr>\n<tr>\n<td width=\"350\">HARMONIA CALCADOS E CONFECCOES<\/td>\n<td width=\"180\">36770128<\/td>\n<td width=\"215\">JAQUES\/INES<\/td>\n<\/tr>\n<tr>\n<td width=\"350\">HATHA EMPREENDIMENTOS HE<\/td>\n<td width=\"180\">88627600<\/td>\n<td width=\"215\">HELMUT<\/td>\n<\/tr>\n<tr>\n<td width=\"350\">IMOBILI\u00c1RIA ATENA<\/td>\n<td width=\"180\">36773402\/998095006<\/td>\n<td width=\"215\">TARCISIO<\/td>\n<\/tr>\n<tr>\n<td width=\"350\">IMOBILIARIA TERRA BOA<\/td>\n<td width=\"180\">36770707<\/td>\n<td width=\"215\">MILTON<\/td>\n<\/tr>\n<tr>\n<td width=\"350\">INATEC CONTABILIDADE<\/td>\n<td width=\"180\">36770195<\/td>\n<td width=\"215\">TECLA \/ VICENTE<\/td>\n<\/tr>\n<tr>\n<td width=\"350\">INREQUIEL<\/td>\n<td width=\"180\">36770004<\/td>\n<td width=\"215\">MAURO<\/td>\n<\/tr>\n<tr>\n<td width=\"350\">INTERSUL ESTOFADOS<\/td>\n<td width=\"180\">36773294<\/td>\n<td width=\"215\">LUIS VOGEL<\/td>\n<\/tr>\n<tr>\n<td width=\"350\">INVIOLAVEL<\/td>\n<td width=\"180\">36770280<\/td>\n<td width=\"215\">VANESSA<\/td>\n<\/tr>\n<tr>\n<td width=\"350\">ITECH INFORMATICA E TECNOLOGIA<\/td>\n<td width=\"180\">36782029<\/td>\n<td width=\"215\">VICENTE\/ VALDEMAR<\/td>\n<\/tr>\n<tr>\n<td width=\"350\">IPLAX ITAPIRANGA PLACAS<\/td>\n<td width=\"180\">36787865<\/td>\n<td width=\"215\">PAULO<\/td>\n<\/tr>\n<tr>\n<td width=\"350\">ITAPIRANGA MOTOS<\/td>\n<td width=\"180\">36770211<\/td>\n<td width=\"215\">DANIEL E BRUNO<\/td>\n<\/tr>\n<tr>\n<td width=\"350\">JL MODAS<\/td>\n<td width=\"180\">31941041<\/td>\n<td width=\"215\">JAIR\/LURDES<\/td>\n<\/tr>\n<tr>\n<td width=\"350\">J.R.MULTIMARCAS<\/td>\n<td width=\"180\">31941919<\/td>\n<td width=\"215\">ROQUE\/ JACINTO<\/td>\n<\/tr>\n<tr>\n<td width=\"350\">KIBA ELETRICA<\/td>\n<td width=\"180\">36787835<\/td>\n<td width=\"215\">ANTONIO &#8211; KIBA<\/td>\n<\/tr>\n<tr>\n<td width=\"350\">KNN IDIOMAS<\/td>\n<td width=\"180\">36314000<\/td>\n<td width=\"215\">JHONATAN \/ ADRIANA<\/td>\n<\/tr>\n<tr>\n<td width=\"350\">KLIE M\u00d3VEIS<\/td>\n<td width=\"180\">31941944<\/td>\n<td width=\"215\">JESSICA \/ MICHEL<\/td>\n<\/tr>\n<tr>\n<td width=\"350\">PORTO NOVO K\u00c4SEREI<\/td>\n<td width=\"180\">36773426<\/td>\n<td width=\"215\">AMILKAR\/CLAITON\/ FELIPE<\/td>\n<\/tr>\n<tr>\n<td width=\"350\">LABORATORIO BIOVIDA<\/td>\n<td width=\"180\">91646400<\/td>\n<td width=\"215\">CESAR<\/td>\n<\/tr>\n<tr>\n<td width=\"350\">LATICINIOS DOURALAT<\/td>\n<td width=\"180\">36788648<\/td>\n<td width=\"215\">RIBAMAR<\/td>\n<\/tr>\n<tr>\n<td width=\"350\">LE BAMBINO<\/td>\n<td width=\"180\">47 988171785<\/td>\n<td width=\"215\">EGON\/ LU\u00cdSA<\/td>\n<\/tr>\n<tr>\n<td width=\"350\">LIVRARIA V\u00d4 ALBERTO<\/td>\n<td width=\"180\">31941930<\/td>\n<td width=\"215\">MAIKEL GUSTAVO SCHNEIDER<\/td>\n<\/tr>\n<tr>\n<td width=\"350\">LOJA BAKANA<\/td>\n<td width=\"180\">&nbsp;99159-3997<\/td>\n<td width=\"215\">VALDECI<\/td>\n<\/tr>\n<tr>\n<td width=\"350\">LOJA LEVE<\/td>\n<td width=\"180\">36782172<\/td>\n<td width=\"215\">FABIANE<\/td>\n<\/tr>\n<tr>\n<td width=\"350\">LOJA RODRIGUES<\/td>\n<td width=\"180\">36773861<\/td>\n<td width=\"215\">GILSON<\/td>\n<\/tr>\n<tr>\n<td width=\"350\">LUAR SAL\u00c3O DE BELEZA<\/td>\n<td width=\"180\">984367651<\/td>\n<td width=\"215\">JANICE<\/td>\n<\/tr>\n<tr>\n<td width=\"350\">MARCENARIA MOACAR<\/td>\n<td width=\"180\">36788975<\/td>\n<td width=\"215\">HEINO<\/td>\n<\/tr>\n<tr>\n<td width=\"350\">MARCIA ENXOVAIS<\/td>\n<td width=\"180\">36770763<\/td>\n<td width=\"215\">VALENTIM\/MARCIA<\/td>\n<\/tr>\n<tr>\n<td width=\"350\">MARIELE MOVEIS<\/td>\n<td width=\"180\">36782009<\/td>\n<td width=\"215\">MIRELE\/MARIANE<\/td>\n<\/tr>\n<tr>\n<td width=\"350\">MASTERMED SC<\/td>\n<td width=\"180\">985016722<\/td>\n<td width=\"215\">FERNANDO\/JONAS<\/td>\n<\/tr>\n<tr>\n<td width=\"350\">MECANICA SANTA FE<\/td>\n<td width=\"180\">36770662<\/td>\n<td width=\"215\">CRISTIANE<\/td>\n<\/tr>\n<tr>\n<td width=\"350\">MECANICA NISIO<\/td>\n<td width=\"180\">36788224<\/td>\n<td width=\"215\">PATICIA<\/td>\n<\/tr>\n<tr>\n<td width=\"350\">MED. VETERINARIO SALDANHA<\/td>\n<td width=\"180\">36770608<\/td>\n<td width=\"215\">SALDANHA<\/td>\n<\/tr>\n<tr>\n<td width=\"350\">MERCADO DA GRUTA<\/td>\n<td width=\"180\">36788829<\/td>\n<td width=\"215\">JOSE\/CLAUDETE<\/td>\n<\/tr>\n<tr>\n<td width=\"350\">MERCADO PAMPA<\/td>\n<td width=\"180\">31941577<\/td>\n<td width=\"215\">CELANGE<\/td>\n<\/tr>\n<tr>\n<td width=\"350\">MERCADO TOBI<\/td>\n<td width=\"180\">36770518<\/td>\n<td width=\"215\">OTO \/ LIANE<\/td>\n<\/tr>\n<tr>\n<td width=\"350\">MERCADO WERLANG<\/td>\n<td width=\"180\">36770242<\/td>\n<td width=\"215\">CECILIA<\/td>\n<\/tr>\n<tr>\n<td width=\"350\">MM ELETRICA<\/td>\n<td width=\"180\">36773531<\/td>\n<td width=\"215\">VANDERLEI<\/td>\n<\/tr>\n<tr>\n<td width=\"350\">MOTO CENTER<\/td>\n<td width=\"180\">36773122<\/td>\n<td width=\"215\">CELIO\/LIANE<\/td>\n<\/tr>\n<tr>\n<td width=\"350\">MUVEX<\/td>\n<td width=\"180\">36770836<\/td>\n<td width=\"215\">EDEVALDO<\/td>\n<\/tr>\n<tr>\n<td width=\"350\">NAUTEK DO BRASIL<\/td>\n<td width=\"180\">36770500<\/td>\n<td width=\"215\">GUSTAVO<\/td>\n<\/tr>\n<tr>\n<td width=\"350\">NEDEL SISTEMAS<\/td>\n<td width=\"180\">36787275 \/ 36788599<\/td>\n<td width=\"215\">EDUARDO<\/td>\n<\/tr>\n<tr>\n<td width=\"350\">NIUSCAR<\/td>\n<td width=\"180\">36773672<\/td>\n<td width=\"215\">VALERIO<\/td>\n<\/tr>\n<tr>\n<td width=\"350\">OBERGER ESPA\u00c7O DOS SONHOS<\/td>\n<td width=\"180\">36773915<\/td>\n<td width=\"215\">DARIO<\/td>\n<\/tr>\n<tr>\n<td width=\"350\">ODONTO EXCELLENCE<\/td>\n<td width=\"180\">31941969<\/td>\n<td width=\"215\">EDUARDO<\/td>\n<\/tr>\n<tr>\n<td width=\"350\">ODONTO TOP &#8211; HOSPITAL DO DENTE<\/td>\n<td width=\"180\">36788880<\/td>\n<td width=\"215\">BIANCA<\/td>\n<\/tr>\n<tr>\n<td width=\"350\">OESTE PNEUS<\/td>\n<td width=\"180\">31941538<\/td>\n<td width=\"215\">IGOR TERNUS<\/td>\n<\/tr>\n<tr>\n<td width=\"350\">ORQUESTRA CONTINENTAL<\/td>\n<td width=\"180\">991056087<\/td>\n<td width=\"215\">RICARDO<\/td>\n<\/tr>\n<tr>\n<td width=\"350\">PADARIA JUNG<\/td>\n<td width=\"180\">36770174<\/td>\n<td width=\"215\">CLAUDIR<\/td>\n<\/tr>\n<tr>\n<td width=\"350\">PANIFICADORA DALE<\/td>\n<td width=\"180\">36770570<\/td>\n<td width=\"215\">VALDIR<\/td>\n<\/tr>\n<tr>\n<td width=\"350\">A CASA DO ESTUDANTE<\/td>\n<td width=\"180\">36773072<\/td>\n<td width=\"215\">DADY<\/td>\n<\/tr>\n<tr>\n<td width=\"350\">PAULINHO JARDINAMNETO LTDA<\/td>\n<td width=\"180\">984112874<\/td>\n<td width=\"215\">PAULO<\/td>\n<\/tr>\n<tr>\n<td width=\"350\">PETER NIEHUES<\/td>\n<td width=\"180\">36770176<\/td>\n<td width=\"215\">AFONSO<\/td>\n<\/tr>\n<tr>\n<td width=\"350\">PJG EMP. IMOBILIARIOS<\/td>\n<td width=\"180\">36770200<\/td>\n<td width=\"215\">PAULO\/TEREZINHA<\/td>\n<\/tr>\n<tr>\n<td width=\"350\">PNEU A<\/td>\n<td width=\"180\">36773869<\/td>\n<td width=\"215\">ANDRE\/ANDERSON<\/td>\n<\/tr>\n<tr>\n<td width=\"350\">PONTO49<\/td>\n<td width=\"180\">99054246<\/td>\n<td width=\"215\">ANDREI<\/td>\n<\/tr>\n<tr>\n<td width=\"350\">PONTO FITNES<\/td>\n<td width=\"180\">991510259<\/td>\n<td width=\"215\">SILVIA<\/td>\n<\/tr>\n<tr>\n<td width=\"350\">POSTO LIDER<\/td>\n<td width=\"180\">36770331<\/td>\n<td width=\"215\">HELMUT<\/td>\n<\/tr>\n<tr>\n<td width=\"350\">PRODUTOS COLONIAIS HAMMERSCHMITT<\/td>\n<td width=\"180\">36788266<\/td>\n<td width=\"215\">DAIA\/SIRLENE\/WILLIAM<\/td>\n<\/tr>\n<tr>\n<td width=\"350\">RADIO ITAPIRANGA<\/td>\n<td width=\"180\">36770238<\/td>\n<td width=\"215\">NOELI BORTOLUZZI<\/td>\n<\/tr>\n<tr>\n<td width=\"350\">RADIO ONDA POSITIVA FM<\/td>\n<td width=\"180\">36788888<\/td>\n<td width=\"215\">PAULO<\/td>\n<\/tr>\n<tr>\n<td width=\"350\">RAFAEL LAS E LINHAS<\/td>\n<td width=\"180\">36770361<\/td>\n<td width=\"215\">ZELIA<\/td>\n<\/tr>\n<tr>\n<td width=\"350\">RAIAL ALIMENTOS<\/td>\n<td width=\"180\">36770142<\/td>\n<td width=\"215\">DALTON<\/td>\n<\/tr>\n<tr>\n<td width=\"350\">RATINHO MECANICA DIESEL<\/td>\n<td width=\"180\">988584670<\/td>\n<td width=\"215\">GERSON<\/td>\n<\/tr>\n<tr>\n<td width=\"350\">RELOJOARIA E OTICA MODERNA<\/td>\n<td width=\"180\">36770491<\/td>\n<td width=\"215\">JOSI\/ JANETE<\/td>\n<\/tr>\n<tr>\n<td width=\"350\">RELOJOARIA E OTICA CONFIAN\u00c7A<\/td>\n<td width=\"180\">36770314<\/td>\n<td width=\"215\">SOLANGE \/ LEVINO<\/td>\n<\/tr>\n<tr>\n<td width=\"350\">RESTAURANTE CASA BONITA<\/td>\n<td width=\"180\">36770594<\/td>\n<td width=\"215\">DOUGLAS<\/td>\n<\/tr>\n<tr>\n<td width=\"350\">RESTAURANTE MANCHINI<\/td>\n<td width=\"180\">31941435<\/td>\n<td width=\"215\">LAURO\/RODRIGO\/DEBORA<\/td>\n<\/tr>\n<tr>\n<td width=\"350\">REVISA PNEUS AUTO CENTER<\/td>\n<td width=\"180\">36770047<\/td>\n<td width=\"215\">CESAR<\/td>\n<\/tr>\n<tr>\n<td width=\"350\">RORAI MOVEIS E ELETRO<\/td>\n<td width=\"180\">36770308<\/td>\n<td width=\"215\">ROSALVO<\/td>\n<\/tr>\n<tr>\n<td width=\"350\">SAMUCA COLCH\u00d5ES E ACESS\u00d3RIOS<\/td>\n<td width=\"180\">998309390<\/td>\n<td width=\"215\">CLAUDIOMAR<\/td>\n<\/tr>\n<tr>\n<td width=\"350\">SARE MODA INTIMA<\/td>\n<td width=\"180\">36773057<\/td>\n<td width=\"215\">LOURDES<\/td>\n<\/tr>\n<tr>\n<td width=\"350\">SASSO INFORM\u00c1TICA E CELULARES<\/td>\n<td width=\"180\">31941697<\/td>\n<td width=\"215\">JAIRO SASSO<\/td>\n<\/tr>\n<tr>\n<td width=\"350\">SATV<\/td>\n<td width=\"180\">991420750<\/td>\n<td width=\"215\">ILVAR<\/td>\n<\/tr>\n<tr>\n<td width=\"350\">SEARA &#8211; UNIDADE AVES<\/td>\n<td width=\"180\">36788000<\/td>\n<td width=\"215\">&nbsp;<\/td>\n<\/tr>\n<tr>\n<td width=\"350\">SEARA &#8211; UNIDADE SUINOS<\/td>\n<td width=\"180\">31942026<\/td>\n<td width=\"215\">&nbsp;<\/td>\n<\/tr>\n<tr>\n<td width=\"350\">SEGURALTA<\/td>\n<td width=\"180\">36770420<\/td>\n<td width=\"215\">RAQUEL<\/td>\n<\/tr>\n<tr>\n<td width=\"350\">SELEKT CURSOS TECNICOS<\/td>\n<td width=\"180\">998409240<\/td>\n<td width=\"215\">LUANA\/JAIR<\/td>\n<\/tr>\n<tr>\n<td width=\"350\">SHIPP ELETRONICA<\/td>\n<td width=\"180\">36773608<\/td>\n<td width=\"215\">CLEISSON<\/td>\n<\/tr>\n<tr>\n<td width=\"350\">SICOOB-CREDITAPIRANGA<\/td>\n<td width=\"180\">36787150<\/td>\n<td width=\"215\">JOSE ADALBERTO<\/td>\n<\/tr>\n<tr>\n<td width=\"350\">SICREDI RAIZES RS\/SC?MG<\/td>\n<td width=\"180\">36782215<\/td>\n<td width=\"215\">&nbsp;<\/td>\n<\/tr>\n<tr>\n<td width=\"350\">SIM\u00c3O PEL\u00cdCULA E ACESS\u00d3RIOS<\/td>\n<td width=\"180\">31941512<\/td>\n<td width=\"215\">ALECIO SIMAO<\/td>\n<\/tr>\n<tr>\n<td width=\"350\">SIND.SERVIDORES PUBLICOS MUNICIPAIS<\/td>\n<td width=\"180\">36773610<\/td>\n<td width=\"215\">CARLISE<\/td>\n<\/tr>\n<tr>\n<td width=\"350\">SIRIMAR CENTRO AUTOMOTIVO<\/td>\n<td width=\"180\">36770870<\/td>\n<td width=\"215\">MARCIELI<\/td>\n<\/tr>\n<tr>\n<td width=\"350\">SMART BRASIL<\/td>\n<td width=\"180\">999044316<\/td>\n<td width=\"215\">LUCAS E FRANCELINO<\/td>\n<\/tr>\n<tr>\n<td width=\"350\">SMART CONSORCIOS<\/td>\n<td width=\"180\">999068472<\/td>\n<td width=\"215\">FRANCELINO<\/td>\n<\/tr>\n<tr>\n<td width=\"350\">SORVETES SPLENDOR<\/td>\n<td width=\"180\">36770104<\/td>\n<td width=\"215\">RAQUEL<\/td>\n<\/tr>\n<tr>\n<td width=\"350\">SPLENDOR BEBIDAS<\/td>\n<td width=\"180\">36770036<\/td>\n<td width=\"215\">MARIANE<\/td>\n<\/tr>\n<tr>\n<td width=\"350\">&nbsp;<\/td>\n<td width=\"180\">&nbsp;<\/td>\n<td width=\"215\">&nbsp;<\/td>\n<\/tr>\n<tr>\n<td width=\"350\">THAILANA MODAS<\/td>\n<td width=\"180\">991612005<\/td>\n<td width=\"215\">LOURDES<\/td>\n<\/tr>\n<tr>\n<td width=\"350\">TECHSUN ENERGIA SOLAR<\/td>\n<td width=\"180\">31941866<\/td>\n<td width=\"215\">MARCIO<\/td>\n<\/tr>\n<tr>\n<td width=\"350\">TIPO CALCADOS E ESPORTES<\/td>\n<td width=\"180\">36773639<\/td>\n<td width=\"215\">JOHNY\/LIANE<\/td>\n<\/tr>\n<tr>\n<td width=\"350\">TORNEARIA MECANICA GROTH<\/td>\n<td width=\"180\">36788828<\/td>\n<td width=\"215\">ELIO &#8211; JAQUELINE<\/td>\n<\/tr>\n<tr>\n<td width=\"350\">TR\u00cdADE GESTAO FINANCEIRA<\/td>\n<td width=\"180\">991110912<\/td>\n<td width=\"215\">ISE<\/td>\n<\/tr>\n<tr>\n<td width=\"350\">UCEFF<\/td>\n<td width=\"180\">36788700<\/td>\n<td width=\"215\">LEANDRO\/ KARINE \/ DANIEL<\/td>\n<\/tr>\n<tr>\n<td width=\"350\">VALDIR MATERIAIS DE CONSTRU\u00c7\u00c3O<\/td>\n<td width=\"180\">36787543<\/td>\n<td width=\"215\">VALDIR<\/td>\n<\/tr>\n<tr>\n<td width=\"350\">VIDRACARIA FRIEDRICH<\/td>\n<td width=\"180\">36773382<\/td>\n<td width=\"215\">JOHNY ROGER FRIEDRICH<\/td>\n<\/tr>\n<tr>\n<td width=\"350\">VILA GERM\u00c2NICA<\/td>\n<td width=\"180\">36770836<\/td>\n<td width=\"215\">IN\u00c1CIO<\/td>\n<\/tr>\n<tr>\n<td width=\"350\">VOLME ACABAMENTOS<\/td>\n<td width=\"180\">36773636<\/td>\n<td width=\"215\">VOLME\/JESSICA<\/td>\n<\/tr>\n<tr>\n<td width=\"350\">ZEPPELIN SUPERMERCADO<\/td>\n<td width=\"180\">36770081<\/td>\n<td width=\"215\">LUCIANO<\/td>\n<\/tr>\n<tr>\n<td width=\"350\">ZIG ZAG PAPELARIA<\/td>\n<td width=\"180\">999692379<\/td>\n<td width=\"215\">LEANDRO<\/td>\n<\/tr>\n<\/tbody>\n<\/table>\n","protected":false},"excerpt":{"rendered":"<p>NOME Telefone Contato AGRO MALDANER 36773860 ELTON AGROPECUARIA SUPREMA 36773085 PEDRO AGROPEPERI 3678 8877 ROBERTO AGROSUINOS SERAFINI 36770808 MARIOCIR E MARILENE AIRTON SEHN E ADVOGADOS ASSOCIADOS 36770638 ELENICE\/AIRTON\/CHARLES ALBATER TERRAPLANAGEM 31941109 FABIO E FERNANDO ANAMAR CALCADOS E CONFECCOES 36773590 \/ [&hellip;]<\/p>\n","protected":false},"author":1,"featured_media":0,"parent":0,"menu_order":0,"comment_status":"closed","ping_status":"closed","template":"","meta":{"ngg_post_thumbnail":0,"footnotes":""},"class_list":["post-432","page","type-page","status-publish","hentry"],"_links":{"self":[{"href":"https:\/\/assemit.com.br\/novo\/index.php?rest_route=\/wp\/v2\/pages\/432","targetHints":{"allow":["GET"]}}],"collection":[{"href":"https:\/\/assemit.com.br\/novo\/index.php?rest_route=\/wp\/v2\/pages"}],"about":[{"href":"https:\/\/assemit.com.br\/novo\/index.php?rest_route=\/wp\/v2\/types\/page"}],"author":[{"embeddable":true,"href":"https:\/\/assemit.com.br\/novo\/index.php?rest_route=\/wp\/v2\/users\/1"}],"replies":[{"embeddable":true,"href":"https:\/\/assemit.com.br\/novo\/index.php?rest_route=%2Fwp%2Fv2%2Fcomments&post=432"}],"version-history":[{"count":11,"href":"https:\/\/assemit.com.br\/novo\/index.php?rest_route=\/wp\/v2\/pages\/432\/revisions"}],"predecessor-version":[{"id":3568,"href":"https:\/\/assemit.com.br\/novo\/index.php?rest_route=\/wp\/v2\/pages\/432\/revisions\/3568"}],"wp:attachment":[{"href":"https:\/\/assemit.com.br\/novo\/index.php?rest_route=%2Fwp%2Fv2%2Fmedia&parent=432"}],"curies":[{"name":"wp","href":"https:\/\/api.w.org\/{rel}","templated":true}]}}