{"id":442,"date":"2017-08-06T13:28:24","date_gmt":"2017-08-06T16:28:24","guid":{"rendered":"http:\/\/www.assemit.com.br\/novo2017\/?page_id=442"},"modified":"2018-11-23T08:51:39","modified_gmt":"2018-11-23T11:51:39","slug":"nucleos-setoriais","status":"publish","type":"page","link":"https:\/\/assemit.com.br\/novo\/?page_id=442","title":{"rendered":"N\u00facleos Setoriais"},"content":{"rendered":"<p><strong>O que s\u00e3o?<\/strong><br \/>\nS\u00e3o grupos de trabalho formados por pessoas jur\u00eddicas ou colaboradores de empresas de \u00e1reas afins ou profissionais liberais ou profissionais aut\u00f4nomos devidamente legalizados e que se dediquem a atividades econ\u00f4micas afins, que, mesmo concorrendo entre si na disputa pelo mercado, atuam em conjunto na solu\u00e7\u00e3o de problemas comuns, quebrando o isolamento.<\/p>\n<p><strong>Objetivos<br \/>\n<\/strong>\u2022 Quebrar o isolamento dos participantes;<br \/>\n\u2022 Fortalecer a cultura do associativismo;<br \/>\n\u2022 Promover o desenvolvimento da empresa, do seu setor e da economia.<\/p>\n<p><strong>Como funciona?<br \/>\n<\/strong>Aplicando metodologias de condu\u00e7\u00e3o de reuni\u00f5es um consultor (moderador) auxilia os empres\u00e1rios reunidos para:<br \/>\n\u2022 Identificar os problemas e necessidades existentes;<br \/>\n\u2022 Trocar informa\u00e7\u00f5es e experi\u00eancias;<br \/>\n\u2022 Decidir e realizar atividades de treinamento e consultoria;<br \/>\n\u2022 Negociar com fornecedores e clientes sobre bens e servi\u00e7os;<br \/>\n\u2022 Facilitar o acesso \u00e0s inova\u00e7\u00f5es tecnol\u00f3gicas e de mercado;<br \/>\n\u2022 Buscar solu\u00e7\u00f5es em conjunto.<\/p>\n<p><strong>Resultados para os participantes<br \/>\n<\/strong>&#8211; Em empresas participantes dos n\u00facleos setoriais existe queda do \u00edndice de fal\u00eancia e aumento da m\u00e3o de obra empregada;<br \/>\n&#8211; Acontece uma transforma\u00e7\u00e3o e um desenvolvimento da empresa e do setor, facilmente identificado pelo mercado;<br \/>\n&#8211; Empres\u00e1rios que atuam no mesmo ramo de atividades passam a ser vistos como colegas, com experi\u00eancias e problemas semelhantes, e n\u00e3o s\u00e3o considerados advers\u00e1rios.<\/p>\n<p><strong>Rela\u00e7\u00e3o dos N\u00facleos Setorias:<\/strong><\/p>\n<p>&#8211; N\u00facleo de Automecanicas;<\/p>\n<p>&#8211; N\u00facleo de Alimentos;<\/p>\n<p>&#8211; JEI &#8211; N\u00facleo de Jovens Empreendedores Itapiranguense;<\/p>\n<p>&#8211; N\u00facleo de Contadores;<\/p>\n<p>&#8211; N\u00facleo da Mulher Empres\u00e1ria;<\/p>\n","protected":false},"excerpt":{"rendered":"<p>O que s\u00e3o? S\u00e3o grupos de trabalho formados por pessoas jur\u00eddicas ou colaboradores de empresas de \u00e1reas afins ou profissionais liberais ou profissionais aut\u00f4nomos devidamente legalizados e que se dediquem a atividades econ\u00f4micas afins, que, mesmo concorrendo entre si na [&hellip;]<\/p>\n","protected":false},"author":1,"featured_media":0,"parent":0,"menu_order":0,"comment_status":"closed","ping_status":"closed","template":"","meta":{"ngg_post_thumbnail":0,"footnotes":""},"class_list":["post-442","page","type-page","status-publish","hentry"],"_links":{"self":[{"href":"https:\/\/assemit.com.br\/novo\/index.php?rest_route=\/wp\/v2\/pages\/442","targetHints":{"allow":["GET"]}}],"collection":[{"href":"https:\/\/assemit.com.br\/novo\/index.php?rest_route=\/wp\/v2\/pages"}],"about":[{"href":"https:\/\/assemit.com.br\/novo\/index.php?rest_route=\/wp\/v2\/types\/page"}],"author":[{"embeddable":true,"href":"https:\/\/assemit.com.br\/novo\/index.php?rest_route=\/wp\/v2\/users\/1"}],"replies":[{"embeddable":true,"href":"https:\/\/assemit.com.br\/novo\/index.php?rest_route=%2Fwp%2Fv2%2Fcomments&post=442"}],"version-history":[{"count":3,"href":"https:\/\/assemit.com.br\/novo\/index.php?rest_route=\/wp\/v2\/pages\/442\/revisions"}],"predecessor-version":[{"id":2815,"href":"https:\/\/assemit.com.br\/novo\/index.php?rest_route=\/wp\/v2\/pages\/442\/revisions\/2815"}],"wp:attachment":[{"href":"https:\/\/assemit.com.br\/novo\/index.php?rest_route=%2Fwp%2Fv2%2Fmedia&parent=442"}],"curies":[{"name":"wp","href":"https:\/\/api.w.org\/{rel}","templated":true}]}}

Núcleos Setoriais

<p><strong>O que são?</strong><br />
São grupos de trabalho formados por pessoas jurídicas ou colaboradores de empresas de áreas afins ou profissionais liberais ou profissionais autônomos devidamente legalizados e que se dediquem a atividades econômicas afins, que, mesmo concorrendo entre si na disputa pelo mercado, atuam em conjunto na solução de problemas comuns, quebrando o isolamento.</p>
<p><strong>Objetivos<br />
</strong>• Quebrar o isolamento dos participantes;<br />
• Fortalecer a cultura do associativismo;<br />
• Promover o desenvolvimento da empresa, do seu setor e da economia.</p>
<p><strong>Como funciona?<br />
</strong>Aplicando metodologias de condução de reuniões um consultor (moderador) auxilia os empresários reunidos para:<br />
• Identificar os problemas e necessidades existentes;<br />
• Trocar informações e experiências;<br />
• Decidir e realizar atividades de treinamento e consultoria;<br />
• Negociar com fornecedores e clientes sobre bens e serviços;<br />
• Facilitar o acesso às inovações tecnológicas e de mercado;<br />
• Buscar soluções em conjunto.</p>
<p><strong>Resultados para os participantes<br />
</strong>&#8211; Em empresas participantes dos núcleos setoriais existe queda do índice de falência e aumento da mão de obra empregada;<br />
&#8211; Acontece uma transformação e um desenvolvimento da empresa e do setor, facilmente identificado pelo mercado;<br />
&#8211; Empresários que atuam no mesmo ramo de atividades passam a ser vistos como colegas, com experiências e problemas semelhantes, e não são considerados adversários.</p>
<p><strong>Relação dos Núcleos Setorias:</strong></p>
<p>&#8211; Núcleo de Automecanicas;</p>
<p>&#8211; Núcleo de Alimentos;</p>
<p>&#8211; JEI &#8211; Núcleo de Jovens Empreendedores Itapiranguense;</p>
<p>&#8211; Núcleo de Contadores;</p>
<p>&#8211; Núcleo da Mulher Empresária;</p>

<p>O que são? São grupos de trabalho formados por pessoas jurídicas ou colaboradores de empresas de áreas afins ou profissionais liberais ou profissionais autônomos devidamente legalizados e que se dediquem a atividades econômicas afins, que, mesmo concorrendo entre si na [&hellip;]</p>
