{"id":445,"date":"2017-08-06T13:33:26","date_gmt":"2017-08-06T16:33:26","guid":{"rendered":"http:\/\/www.assemit.com.br\/novo2017\/?page_id=445"},"modified":"2020-01-13T16:56:07","modified_gmt":"2020-01-13T19:56:07","slug":"servicos","status":"publish","type":"page","link":"https:\/\/assemit.com.br\/novo\/?page_id=445","title":{"rendered":"Servi\u00e7os"},"content":{"rendered":"\n<p>&#8211; SCPC \u2013 Servi\u00e7o Central de Prote\u00e7\u00e3o ao Cr\u00e9dito<br>&#8211; Protesto Expresso\u00a0\u00a0\u00a0\u00a0\u00a0\u00a0\u00a0\u00a0\u00a0<br>&#8211; Printe \u2013 Prote\u00e7\u00e3o Intelectual<br>&#8211; XML Empresarial<br>&#8211; Cart\u00f5es de Benef\u00edcios \u2013 Util Alimenta\u00e7\u00e3o, Card, Refei\u00e7\u00e3o, Pr\u00eamio, Combust\u00edvel e Natal <br>&#8211; Campanha de Vacina\u00e7\u00e3o <br>&#8211; Conv\u00eanios \u2013 Farm\u00e1cias, Dentistas<br>&#8211; Cursos, Palestras e Semin\u00e1rios<br>&#8211; Consultorias (SEBRAE)<br>&#8211; PPRA \u2013 Programa de Preven\u00e7\u00e3o de Riscos Ambientais, elaborado por Jose Paulo Skovronski (Zeca)\u00a0\u00a0\u00a0\u00a0\u00a0 <br>&#8211; Garante Oeste <br>&#8211; Show Da Sorte<br>&#8211; Servi\u00e7o De Apoio Administrativos Aos Associados<br>&#8211; Certificado De Origem<br>&#8211; Miss\u00f5es Empresariais<br>&#8211; Aluguel da Sala de Reuni\u00f5es, com dois ambientes, e Audit\u00f3rio para 125 pessoas, equipados e com valores diferenciados para associados<br>&#8211; Produtos SEBRAE<br>&#8211; Semana \u201cItapiranga \u00e9 Natal\u201d em parceria com entidades locais:<br>&#8211; Baile da ASSEMIT<br>&#8211; Assembl\u00e9ias Mensais;<br>&#8211; Reuni\u00f5es de Diretoria Mensais<br>&#8211; Encontro das ACIs<br>&#8211; Realiza\u00e7\u00e3o da EFRAIT<br>&#8211; Passeios com o Trenzinho do Papai Noel<br>&#8211; Acordo com Sindicom\u00e9rcio de Hor\u00e1rio Especial para o final do ano;<br>&#8211; Participa\u00e7\u00e3o em desfiles da Oktober<br>&#8211; Entrega de reivindica\u00e7\u00f5es coletivas<br>&#8211; Participa\u00e7\u00e3o na Feria do Empreender<br>&#8211; Participa\u00e7\u00e3o no Congresso Empresarial da FACISC<br>&#8211; Parceria com Sicoob Creditapiranga no Projeto \u201cSacolas Vai E Volta\u201d<br>&#8211; Assessoria Jur\u00eddica <br>&#8211; Projeto Empreender<br>&#8211; N\u00facleos Empresariais <\/p>\n\n\n\n<p>\u00a0\u00a0\u00a0\u00a0\u00a0\u00a0\u00a0\u00a0\u00a0 \u00a0\u00a0\u00a0\u00a0\u00a0\u00a0\u00a0\u00a0\u00a0\u00a0\u00a0\u00a0\u00a0\u00a0\u00a0\u00a0\u00a0\u00a0\u00a0\u00a0\u00a0\u00a0\u00a0\u00a0\u00a0\u00a0\u00a0\u00a0\u00a0\u00a0\u00a0\u00a0\u00a0\u00a0\u00a0\u00a0\u00a0\u00a0\u00a0\u00a0\u00a0\u00a0\u00a0\u00a0\u00a0\u00a0\u00a0\u00a0\u00a0\u00a0\u00a0\u00a0\u00a0\u00a0\u00a0\u00a0\u00a0\u00a0 \u00a0\u00a0\u00a0\u00a0\u00a0\u00a0\u00a0\u00a0\u00a0\u00a0\u00a0\u00a0\u00a0\u00a0\u00a0\u00a0\u00a0\u00a0\u00a0\u00a0\u00a0\u00a0\u00a0 \u00a0\u00a0\u00a0\u00a0\u00a0\u00a0\u00a0\u00a0\u00a0\u00a0 <br><\/p>\n","protected":false},"excerpt":{"rendered":"<p>&#8211; SCPC \u2013 Servi\u00e7o Central de Prote\u00e7\u00e3o ao Cr\u00e9dito&#8211; Protesto Expresso\u00a0\u00a0\u00a0\u00a0\u00a0\u00a0\u00a0\u00a0\u00a0&#8211; Printe \u2013 Prote\u00e7\u00e3o Intelectual&#8211; XML Empresarial&#8211; Cart\u00f5es de Benef\u00edcios \u2013 Util Alimenta\u00e7\u00e3o, Card, Refei\u00e7\u00e3o, Pr\u00eamio, Combust\u00edvel e Natal &#8211; Campanha de Vacina\u00e7\u00e3o &#8211; Conv\u00eanios \u2013 Farm\u00e1cias, Dentistas&#8211; Cursos, Palestras [&hellip;]<\/p>\n","protected":false},"author":1,"featured_media":0,"parent":0,"menu_order":0,"comment_status":"closed","ping_status":"closed","template":"","meta":{"ngg_post_thumbnail":0,"footnotes":""},"class_list":["post-445","page","type-page","status-publish","hentry"],"_links":{"self":[{"href":"https:\/\/assemit.com.br\/novo\/index.php?rest_route=\/wp\/v2\/pages\/445","targetHints":{"allow":["GET"]}}],"collection":[{"href":"https:\/\/assemit.com.br\/novo\/index.php?rest_route=\/wp\/v2\/pages"}],"about":[{"href":"https:\/\/assemit.com.br\/novo\/index.php?rest_route=\/wp\/v2\/types\/page"}],"author":[{"embeddable":true,"href":"https:\/\/assemit.com.br\/novo\/index.php?rest_route=\/wp\/v2\/users\/1"}],"replies":[{"embeddable":true,"href":"https:\/\/assemit.com.br\/novo\/index.php?rest_route=%2Fwp%2Fv2%2Fcomments&post=445"}],"version-history":[{"count":6,"href":"https:\/\/assemit.com.br\/novo\/index.php?rest_route=\/wp\/v2\/pages\/445\/revisions"}],"predecessor-version":[{"id":2805,"href":"https:\/\/assemit.com.br\/novo\/index.php?rest_route=\/wp\/v2\/pages\/445\/revisions\/2805"}],"wp:attachment":[{"href":"https:\/\/assemit.com.br\/novo\/index.php?rest_route=%2Fwp%2Fv2%2Fmedia&parent=445"}],"curies":[{"name":"wp","href":"https:\/\/api.w.org\/{rel}","templated":true}]}}

Serviços

<p>&#8211; SCPC – Serviço Central de Proteção ao Crédito<br>&#8211; Protesto Expresso         <br>&#8211; Printe – Proteção Intelectual<br>&#8211; XML Empresarial<br>&#8211; Cartões de Benefícios – Util Alimentação, Card, Refeição, Prêmio, Combustível e Natal <br>&#8211; Campanha de Vacinação <br>&#8211; Convênios – Farmácias, Dentistas<br>&#8211; Cursos, Palestras e Seminários<br>&#8211; Consultorias (SEBRAE)<br>&#8211; PPRA – Programa de Prevenção de Riscos Ambientais, elaborado por Jose Paulo Skovronski (Zeca)      <br>&#8211; Garante Oeste <br>&#8211; Show Da Sorte<br>&#8211; Serviço De Apoio Administrativos Aos Associados<br>&#8211; Certificado De Origem<br>&#8211; Missões Empresariais<br>&#8211; Aluguel da Sala de Reuniões, com dois ambientes, e Auditório para 125 pessoas, equipados e com valores diferenciados para associados<br>&#8211; Produtos SEBRAE<br>&#8211; Semana “Itapiranga é Natal” em parceria com entidades locais:<br>&#8211; Baile da ASSEMIT<br>&#8211; Assembléias Mensais;<br>&#8211; Reuniões de Diretoria Mensais<br>&#8211; Encontro das ACIs<br>&#8211; Realização da EFRAIT<br>&#8211; Passeios com o Trenzinho do Papai Noel<br>&#8211; Acordo com Sindicomércio de Horário Especial para o final do ano;<br>&#8211; Participação em desfiles da Oktober<br>&#8211; Entrega de reivindicações coletivas<br>&#8211; Participação na Feria do Empreender<br>&#8211; Participação no Congresso Empresarial da FACISC<br>&#8211; Parceria com Sicoob Creditapiranga no Projeto “Sacolas Vai E Volta”<br>&#8211; Assessoria Jurídica <br>&#8211; Projeto Empreender<br>&#8211; Núcleos Empresariais </p>



<p>                                                                                                        <br></p>

<p>&#8211; SCPC – Serviço Central de Proteção ao Crédito&#8211; Protesto Expresso         &#8211; Printe – Proteção Intelectual&#8211; XML Empresarial&#8211; Cartões de Benefícios – Util Alimentação, Card, Refeição, Prêmio, Combustível e Natal &#8211; Campanha de Vacinação &#8211; Convênios – Farmácias, Dentistas&#8211; Cursos, Palestras [&hellip;]</p>
