{"id":449,"date":"2017-08-06T13:36:41","date_gmt":"2017-08-06T16:36:41","guid":{"rendered":"http:\/\/www.assemit.com.br\/novo2017\/?page_id=449"},"modified":"2024-05-14T16:38:10","modified_gmt":"2024-05-14T19:38:10","slug":"contato","status":"publish","type":"page","link":"https:\/\/assemit.com.br\/novo\/?page_id=449","title":{"rendered":"Contato"},"content":{"rendered":"<p><strong>ASSEMIT &#8211; Associa\u00e7\u00e3o dos Empres\u00e1rios de Itapiranga<\/strong><\/p>\n<p><span class=\"jicons-icons\"><img loading=\"lazy\" decoding=\"async\" class=\"wp-image-2812 alignleft\" src=\"http:\/\/www.assemit.com.br\/novo\/wp-content\/uploads\/2020\/01\/pngtree-vector-location-icon-png-image_956397-150x150.jpg\" alt=\"\" width=\"18\" height=\"18\"><\/span><span class=\"contact-street\">Rua Padre Teodoro Treis, 180, Centro, <\/span><span class=\"contact-suburb\">Itapiranga-<\/span><span class=\"contact-state\">Santa Catarina, CEP:&nbsp;<\/span><span class=\"contact-postcode\">89896-000<\/span><\/p>\n<p><span class=\"jicons-icons\"><img decoding=\"async\" src=\"http:\/\/www.assemit.com.br\/novo2017\/media\/contacts\/images\/emailButton.png\" alt=\"Email: \">&nbsp;<\/span><span class=\"contact-emailto\"><span id=\"cloak6700fdd843ef82c907b81dcfb00953f0\"><a href=\"mailto:assemit@assemit.com.br\">assemit@assemit.com.br<\/a><\/span><\/span><\/p>\n<p><img loading=\"lazy\" decoding=\"async\" class=\"wp-image-2806 alignleft\" src=\"http:\/\/www.assemit.com.br\/novo\/wp-content\/uploads\/2020\/01\/facebook-icone-icon-150x150.png\" alt=\"\" width=\"16\" height=\"16\" srcset=\"https:\/\/assemit.com.br\/novo\/wp-content\/uploads\/2020\/01\/facebook-icone-icon-150x150.png 150w, https:\/\/assemit.com.br\/novo\/wp-content\/uploads\/2020\/01\/facebook-icone-icon-300x300.png 300w, https:\/\/assemit.com.br\/novo\/wp-content\/uploads\/2020\/01\/facebook-icone-icon-1024x1024.png 1024w, https:\/\/assemit.com.br\/novo\/wp-content\/uploads\/2020\/01\/facebook-icone-icon-768x768.png 768w, https:\/\/assemit.com.br\/novo\/wp-content\/uploads\/2020\/01\/facebook-icone-icon-1536x1536.png 1536w, https:\/\/assemit.com.br\/novo\/wp-content\/uploads\/2020\/01\/facebook-icone-icon-2048x2048.png 2048w\" sizes=\"auto, (max-width: 16px) 100vw, 16px\" \/><span style=\"font-size: inherit;\">assemit.itapiranga<\/span><\/p>\n<p><img loading=\"lazy\" decoding=\"async\" class=\"wp-image-2808 alignleft\" src=\"http:\/\/www.assemit.com.br\/novo\/wp-content\/uploads\/2020\/01\/insta-150x150.png\" alt=\"\" width=\"16\" height=\"16\" srcset=\"https:\/\/assemit.com.br\/novo\/wp-content\/uploads\/2020\/01\/insta-150x150.png 150w, https:\/\/assemit.com.br\/novo\/wp-content\/uploads\/2020\/01\/insta-300x300.png 300w, https:\/\/assemit.com.br\/novo\/wp-content\/uploads\/2020\/01\/insta-1024x1024.png 1024w, https:\/\/assemit.com.br\/novo\/wp-content\/uploads\/2020\/01\/insta-768x768.png 768w, https:\/\/assemit.com.br\/novo\/wp-content\/uploads\/2020\/01\/insta-1536x1536.png 1536w, https:\/\/assemit.com.br\/novo\/wp-content\/uploads\/2020\/01\/insta-2048x2048.png 2048w\" sizes=\"auto, (max-width: 16px) 100vw, 16px\" \/><span style=\"font-size: inherit;\">@assemit.itapiranga<\/span><\/p>\n<p><span id=\"cloak6700fdd843ef82c907b81dcfb00953f0\"><img loading=\"lazy\" decoding=\"async\" class=\"wp-image-2809 alignleft\" src=\"http:\/\/www.assemit.com.br\/novo\/wp-content\/uploads\/2020\/01\/simbolo-whatsapp-business-150x150.png\" alt=\"\" width=\"19\" height=\"19\" srcset=\"https:\/\/assemit.com.br\/novo\/wp-content\/uploads\/2020\/01\/simbolo-whatsapp-business-150x150.png 150w, https:\/\/assemit.com.br\/novo\/wp-content\/uploads\/2020\/01\/simbolo-whatsapp-business.png 234w\" sizes=\"auto, (max-width: 19px) 100vw, 19px\" \/><span style=\"font-size: inherit;\">49 &#8211; 3677 0123<\/span><\/span><\/p>\n<p><span class=\"jicons-icons\"><img decoding=\"async\" src=\"http:\/\/www.assemit.com.br\/novo2017\/media\/contacts\/images\/con_tel.png\" alt=\"Telefone: \">&nbsp; &nbsp; &nbsp;<\/span><span class=\"contact-telephone\">49 &#8211; 3677 0332<\/span><\/p>\n<p>&nbsp;<\/p>\n","protected":false},"excerpt":{"rendered":"<p>ASSEMIT &#8211; Associa\u00e7\u00e3o dos Empres\u00e1rios de Itapiranga Rua Padre Teodoro Treis, 180, Centro, Itapiranga-Santa Catarina, CEP:&nbsp;89896-000 &nbsp;assemit@assemit.com.br assemit.itapiranga @assemit.itapiranga 49 &#8211; 3677 0123 &nbsp; &nbsp; &nbsp;49 &#8211; 3677 0332 &nbsp;<\/p>\n","protected":false},"author":1,"featured_media":0,"parent":0,"menu_order":0,"comment_status":"closed","ping_status":"closed","template":"","meta":{"ngg_post_thumbnail":0,"footnotes":""},"class_list":["post-449","page","type-page","status-publish","hentry"],"_links":{"self":[{"href":"https:\/\/assemit.com.br\/novo\/index.php?rest_route=\/wp\/v2\/pages\/449","targetHints":{"allow":["GET"]}}],"collection":[{"href":"https:\/\/assemit.com.br\/novo\/index.php?rest_route=\/wp\/v2\/pages"}],"about":[{"href":"https:\/\/assemit.com.br\/novo\/index.php?rest_route=\/wp\/v2\/types\/page"}],"author":[{"embeddable":true,"href":"https:\/\/assemit.com.br\/novo\/index.php?rest_route=\/wp\/v2\/users\/1"}],"replies":[{"embeddable":true,"href":"https:\/\/assemit.com.br\/novo\/index.php?rest_route=%2Fwp%2Fv2%2Fcomments&post=449"}],"version-history":[{"count":10,"href":"https:\/\/assemit.com.br\/novo\/index.php?rest_route=\/wp\/v2\/pages\/449\/revisions"}],"predecessor-version":[{"id":3760,"href":"https:\/\/assemit.com.br\/novo\/index.php?rest_route=\/wp\/v2\/pages\/449\/revisions\/3760"}],"wp:attachment":[{"href":"https:\/\/assemit.com.br\/novo\/index.php?rest_route=%2Fwp%2Fv2%2Fmedia&parent=449"}],"curies":[{"name":"wp","href":"https:\/\/api.w.org\/{rel}","templated":true}]}}